{"id":277,"date":"2025-06-02T15:03:15","date_gmt":"2025-06-02T15:03:15","guid":{"rendered":"https:\/\/hpcncc.vilniustech.lt\/?page_id=277"},"modified":"2025-06-19T13:55:19","modified_gmt":"2025-06-19T13:55:19","slug":"hpc-vasaros-mokykla-mokymai","status":"publish","type":"page","link":"https:\/\/hpcncc.vilniustech.lt\/?page_id=277","title":{"rendered":"HPC vasaros mokykla. Mokymai"},"content":{"rendered":"\n<p>Gerbiami akademin\u0117s bendruomen\u0117s atstovai,<\/p>\n\n\n\n<p>Kvie\u010diame Jus \u012f \u201e<strong>HPC vasaros mokykl\u0105<\/strong>\u201c (HPC Summer School). Vasaros mokykla yra dalis EuroCC 2 projekto \u2013 iniciatyvos, kurios tikslas yra pad\u0117ti \u012fmon\u0117ms ir akademin\u0117ms institucijoms \u012fgyvendinti naujausias technologines tendencijas ir inovacijas.<\/p>\n\n\n\n<p>1 dalis (11:00-11:45): Skai\u010diavimai su EuroHPC superkompiuteriais.<\/p>\n\n\n\n<p>\u0160ioje dalyje klausytojai gaus informacij\u0105 kaip galima gauti prieig\u0105 prie EuroHPC superkompiuteri\u0173, kokie skai\u010diavimo resursai yra prieinami, kokius reikalavimus turi tenkinti parei\u0161k\u0117jai, koki\u0105 programin\u0117s \u012frangos aplink\u0105 randa EuroHPC superkompiuteri\u0173 vartotojai \u2013 pri\u0117jimo parai\u0161k\u0173 (angl. Access Calls) laim\u0117tojai\u2026<\/p>\n\n\n\n<p>Kavos pertrauk\u0117l\u0117 (11:45-12:15). Laisvoji diskusija.<\/p>\n\n\n\n<p>2 dalis (12:15-13:00): Dirbtuv\u0117s: darbas HPC klasteryje, bendros ir paskirstytos atminties lygiagretieji skai\u010diavimai.<\/p>\n\n\n\n<p>\u0160ioje dalyje susipa\u017einsite su tipiniu HPC klasteri\u0173 programin\u0117s \u012frangos steku, i\u0161moksite, kaip atlikti lygiagre\u010diuosius skai\u010diavimus tipiniame HPC klasteryje panaudojant procesoriaus branduolius (CPU cores) ir mazgus (nodes).<\/p>\n\n\n\n<p>Kavos pertrauk\u0117l\u0117 (13:00-13:15).<\/p>\n\n\n\n<p>3 dalis (13:15-14:00): Dirbtuv\u0117s: grafini\u0173 plok\u0161\u010di\u0173 (GPU) panaudojimas dirbtinio intelekto ir kitiems bendrosios paskirties skai\u010diavimams HPC klasteriuose.<\/p>\n\n\n\n<p>\u0160ioje dalyje su\u017einosite, kaip atlikti bendrosios paskirties skai\u010diavimus klasterio mazguose su grafin\u0117mis plok\u0161t\u0117mis, tame tarpe ir ma\u0161ininio mokymosi (dirbtinio intelekto) u\u017edavini\u0173 sprendimui.<\/p>\n\n\n\n<p>Mokymai vyks kompiuterin\u0117je klas\u0117je. Dalyviai gaus laikin\u0105 prieig\u0105 prie VILNIUS TECH Lygiagre\u010di\u0173j\u0173 skai\u010diavim\u0173 laboratorijos klasterio \u201eWarewulf\u201c.<\/p>\n\n\n\n<p>Registracija b\u016btina: <a href=\"https:\/\/forms.cloud.microsoft\/Pages\/ResponsePage.aspx?id=dUT1mQ4eEUmk8E7qpKYggBU2lQVVzGxCqQRh6k_e3g1UNVNPMkw5SzNDVFhKTVUwN0tHUEc4WllSRy4u\">Registracija<\/a><\/p>\n\n\n\n<p>Laukiame J\u016bs\u0173! Renginio vieta: <strong>Vilniaus Gedimino technikos universitetas, SRK-II 612, Saul\u0117tekio al. 11, Vilnius<\/strong><\/p>\n\n\n\n<p>Renginio laikas: <strong>Bir\u017eelio 18 d, 11:00-14:00.<\/strong><\/p>\n\n\n\n<p>Mokym\u0173 med\u017eiaga: <a href=\"http:\/\/hpcncc.vilniustech.lt\/wp-content\/uploads\/2025\/06\/EuroCC2_Calls_1_compress.pdf\">1 dalis<\/a>, <a href=\"http:\/\/hpcncc.vilniustech.lt\/wp-content\/uploads\/2025\/06\/HPC_mokymai_dirbtuves.pdf\">2 dalis<\/a> <\/p>\n\n\n\n<p><\/p>\n","protected":false},"excerpt":{"rendered":"<p>Gerbiami akademin\u0117s bendruomen\u0117s atstovai, Kvie\u010diame Jus \u012f \u201eHPC vasaros mokykl\u0105\u201c (HPC Summer School). Vasaros mokykla yra dalis EuroCC 2 projekto \u2013 iniciatyvos, kurios tikslas yra pad\u0117ti \u012fmon\u0117ms ir akademin\u0117ms institucijoms \u012fgyvendinti naujausias technologines tendencijas ir inovacijas. 1 dalis (11:00-11:45): Skai\u010diavimai su EuroHPC superkompiuteriais. \u0160ioje dalyje klausytojai gaus informacij\u0105 kaip galima gauti prieig\u0105 prie EuroHPC superkompiuteri\u0173, &hellip;<\/p>\n<p class=\"read-more\"> <a class=\"\" href=\"https:\/\/hpcncc.vilniustech.lt\/?page_id=277\"> <span class=\"screen-reader-text\">HPC vasaros mokykla. Mokymai<\/span> Skaityti daugiau &raquo;<\/a><\/p>\n","protected":false},"author":1,"featured_media":0,"parent":0,"menu_order":0,"comment_status":"closed","ping_status":"closed","template":"","meta":{"site-sidebar-layout":"default","site-content-layout":"","ast-site-content-layout":"","site-content-style":"default","site-sidebar-style":"default","ast-global-header-display":"","ast-banner-title-visibility":"","ast-main-header-display":"","ast-hfb-above-header-display":"","ast-hfb-below-header-display":"","ast-hfb-mobile-header-display":"","site-post-title":"","ast-breadcrumbs-content":"","ast-featured-img":"","footer-sml-layout":"","theme-transparent-header-meta":"","adv-header-id-meta":"","stick-header-meta":"","header-above-stick-meta":"","header-main-stick-meta":"","header-below-stick-meta":"","astra-migrate-meta-layouts":"default","ast-page-background-enabled":"default","ast-page-background-meta":{"desktop":{"background-color":"var(--ast-global-color-4)","background-image":"","background-repeat":"repeat","background-position":"center center","background-size":"auto","background-attachment":"scroll","background-type":"","background-media":"","overlay-type":"","overlay-color":"","overlay-gradient":""},"tablet":{"background-color":"","background-image":"","background-repeat":"repeat","background-position":"center center","background-size":"auto","background-attachment":"scroll","background-type":"","background-media":"","overlay-type":"","overlay-color":"","overlay-gradient":""},"mobile":{"background-color":"","background-image":"","background-repeat":"repeat","background-position":"center center","background-size":"auto","background-attachment":"scroll","background-type":"","background-media":"","overlay-type":"","overlay-color":"","overlay-gradient":""}},"ast-content-background-meta":{"desktop":{"background-color":"var(--ast-global-color-5)","background-image":"","background-repeat":"repeat","background-position":"center center","background-size":"auto","background-attachment":"scroll","background-type":"","background-media":"","overlay-type":"","overlay-color":"","overlay-gradient":""},"tablet":{"background-color":"var(--ast-global-color-5)","background-image":"","background-repeat":"repeat","background-position":"center center","background-size":"auto","background-attachment":"scroll","background-type":"","background-media":"","overlay-type":"","overlay-color":"","overlay-gradient":""},"mobile":{"background-color":"var(--ast-global-color-5)","background-image":"","background-repeat":"repeat","background-position":"center center","background-size":"auto","background-attachment":"scroll","background-type":"","background-media":"","overlay-type":"","overlay-color":"","overlay-gradient":""}},"footnotes":""},"class_list":["post-277","page","type-page","status-publish","hentry"],"_links":{"self":[{"href":"https:\/\/hpcncc.vilniustech.lt\/index.php?rest_route=\/wp\/v2\/pages\/277","targetHints":{"allow":["GET"]}}],"collection":[{"href":"https:\/\/hpcncc.vilniustech.lt\/index.php?rest_route=\/wp\/v2\/pages"}],"about":[{"href":"https:\/\/hpcncc.vilniustech.lt\/index.php?rest_route=\/wp\/v2\/types\/page"}],"author":[{"embeddable":true,"href":"https:\/\/hpcncc.vilniustech.lt\/index.php?rest_route=\/wp\/v2\/users\/1"}],"replies":[{"embeddable":true,"href":"https:\/\/hpcncc.vilniustech.lt\/index.php?rest_route=%2Fwp%2Fv2%2Fcomments&post=277"}],"version-history":[{"count":3,"href":"https:\/\/hpcncc.vilniustech.lt\/index.php?rest_route=\/wp\/v2\/pages\/277\/revisions"}],"predecessor-version":[{"id":285,"href":"https:\/\/hpcncc.vilniustech.lt\/index.php?rest_route=\/wp\/v2\/pages\/277\/revisions\/285"}],"wp:attachment":[{"href":"https:\/\/hpcncc.vilniustech.lt\/index.php?rest_route=%2Fwp%2Fv2%2Fmedia&parent=277"}],"curies":[{"name":"wp","href":"https:\/\/api.w.org\/{rel}","templated":true}]}}