{"id":168,"date":"2023-12-20T08:22:10","date_gmt":"2023-12-20T08:22:10","guid":{"rendered":"https:\/\/hpcncc.vilniustech.lt\/?page_id=168"},"modified":"2023-12-20T08:30:35","modified_gmt":"2023-12-20T08:30:35","slug":"paslaugos","status":"publish","type":"page","link":"https:\/\/hpcncc.vilniustech.lt\/?page_id=168","title":{"rendered":"Paraview"},"content":{"rendered":"\n<p>ParaView yra galinga atviro kodo vizualizacijos programa, skirta analizuoti ir vizualizuoti didelius duomen\u0173 rinkinius. \u0160i programa yra pla\u010diai naudojama moksle, in\u017einerijoje ir kitose srityse, kur analizuojami ir vizualizuojami sud\u0117tingi duomenys, pavyzd\u017eiui, i\u0161 skaitinio modeliavimo, simuliacij\u0173 ar eksperiment\u0173.<\/p>\n\n\n\n<p>Pagrindinis ParaView privalumas yra galimyb\u0117 importuoti ir vizualizuoti \u012fvairius duomen\u0173 formatus, \u012fskaitant 2D ir 3D modelius, taip pat skirtingus skaitinio modeliavimo rezultatus, pvz., i\u0161 diskre\u010di\u0173j\u0173 element\u0173 metodo (DEM), sraut\u0173 dinamikos, sraut\u0173 ir kt. Tai leid\u017eia naudotojams i\u0161samiai analizuoti ir suprasti savo duomenis.<\/p>\n\n\n\n<p>ParaView suteikia plat\u0173 \u012franki\u0173 rinkin\u012f vizualizacijai, kuris leid\u017eia naudotojams kurti spalvotus grafikus, pasirinktinai keisti vaizdus, kurti animacijas ir vadovus. Taip pat galima atlikti sud\u0117tingas duomen\u0173 filtravimo, apdorojimo ir analiz\u0117s operacijas, padedan\u010dias i\u0161gryninti svarbius duomen\u0173 aspektus.<\/p>\n\n\n\n<p>Nors ParaView turi daug privalum\u0173, ji gali reikalauti tam tikro mokymosi laiko, norint i\u0161mokti vis\u0105 jos funkcionalum\u0105. Taip pat dideli\u0173 duomen\u0173 rinkini\u0173 vizualizacija gali reikalauti daug resurs\u0173, ypa\u010d atliekant sud\u0117tingas operacijas arba kai vizualizuojama didel\u0117s rai\u0161kos 3D grafika.<\/p>\n\n\n\n<p>I\u0161 esm\u0117s, ParaView yra galinga ir universalioji programa, kuri leid\u017eia in\u017einieriams, mokslininkams ir kitoms sritims \u012fgyvendinti vizualin\u0119 analiz\u0119, suprasti ir pateikti duomenis i\u0161 \u012fvairi\u0173 \u0161altini\u0173, prisidedant prie gilesnio supratimo ir sprendim\u0173 formavimo. Tai svarbi priemon\u0117 sud\u0117ting\u0173 duomen\u0173 vizualizacijai ir analizei, suteikianti \u012frankius efektyviam darbui su \u012fvairiais duomen\u0173 tipais.<\/p>\n","protected":false},"excerpt":{"rendered":"<p>ParaView yra galinga atviro kodo vizualizacijos programa, skirta analizuoti ir vizualizuoti didelius duomen\u0173 rinkinius. \u0160i programa yra pla\u010diai naudojama moksle, in\u017einerijoje ir kitose srityse, kur analizuojami ir vizualizuojami sud\u0117tingi duomenys, pavyzd\u017eiui, i\u0161 skaitinio modeliavimo, simuliacij\u0173 ar eksperiment\u0173. Pagrindinis ParaView privalumas yra galimyb\u0117 importuoti ir vizualizuoti \u012fvairius duomen\u0173 formatus, \u012fskaitant 2D ir 3D modelius, taip pat &hellip;<\/p>\n<p class=\"read-more\"> <a class=\"\" href=\"https:\/\/hpcncc.vilniustech.lt\/?page_id=168\"> <span class=\"screen-reader-text\">Paraview<\/span> Skaityti daugiau &raquo;<\/a><\/p>\n","protected":false},"author":1,"featured_media":0,"parent":0,"menu_order":0,"comment_status":"closed","ping_status":"closed","template":"","meta":{"site-sidebar-layout":"default","site-content-layout":"","ast-site-content-layout":"","site-content-style":"default","site-sidebar-style":"default","ast-global-header-display":"","ast-banner-title-visibility":"","ast-main-header-display":"","ast-hfb-above-header-display":"","ast-hfb-below-header-display":"","ast-hfb-mobile-header-display":"","site-post-title":"","ast-breadcrumbs-content":"","ast-featured-img":"","footer-sml-layout":"","theme-transparent-header-meta":"","adv-header-id-meta":"","stick-header-meta":"","header-above-stick-meta":"","header-main-stick-meta":"","header-below-stick-meta":"","astra-migrate-meta-layouts":"default","ast-page-background-enabled":"default","ast-page-background-meta":{"desktop":{"background-color":"var(--ast-global-color-4)","background-image":"","background-repeat":"repeat","background-position":"center center","background-size":"auto","background-attachment":"scroll","background-type":"","background-media":"","overlay-type":"","overlay-color":"","overlay-gradient":""},"tablet":{"background-color":"","background-image":"","background-repeat":"repeat","background-position":"center center","background-size":"auto","background-attachment":"scroll","background-type":"","background-media":"","overlay-type":"","overlay-color":"","overlay-gradient":""},"mobile":{"background-color":"","background-image":"","background-repeat":"repeat","background-position":"center center","background-size":"auto","background-attachment":"scroll","background-type":"","background-media":"","overlay-type":"","overlay-color":"","overlay-gradient":""}},"ast-content-background-meta":{"desktop":{"background-color":"var(--ast-global-color-5)","background-image":"","background-repeat":"repeat","background-position":"center center","background-size":"auto","background-attachment":"scroll","background-type":"","background-media":"","overlay-type":"","overlay-color":"","overlay-gradient":""},"tablet":{"background-color":"var(--ast-global-color-5)","background-image":"","background-repeat":"repeat","background-position":"center center","background-size":"auto","background-attachment":"scroll","background-type":"","background-media":"","overlay-type":"","overlay-color":"","overlay-gradient":""},"mobile":{"background-color":"var(--ast-global-color-5)","background-image":"","background-repeat":"repeat","background-position":"center center","background-size":"auto","background-attachment":"scroll","background-type":"","background-media":"","overlay-type":"","overlay-color":"","overlay-gradient":""}},"footnotes":""},"class_list":["post-168","page","type-page","status-publish","hentry"],"_links":{"self":[{"href":"https:\/\/hpcncc.vilniustech.lt\/index.php?rest_route=\/wp\/v2\/pages\/168","targetHints":{"allow":["GET"]}}],"collection":[{"href":"https:\/\/hpcncc.vilniustech.lt\/index.php?rest_route=\/wp\/v2\/pages"}],"about":[{"href":"https:\/\/hpcncc.vilniustech.lt\/index.php?rest_route=\/wp\/v2\/types\/page"}],"author":[{"embeddable":true,"href":"https:\/\/hpcncc.vilniustech.lt\/index.php?rest_route=\/wp\/v2\/users\/1"}],"replies":[{"embeddable":true,"href":"https:\/\/hpcncc.vilniustech.lt\/index.php?rest_route=%2Fwp%2Fv2%2Fcomments&post=168"}],"version-history":[{"count":4,"href":"https:\/\/hpcncc.vilniustech.lt\/index.php?rest_route=\/wp\/v2\/pages\/168\/revisions"}],"predecessor-version":[{"id":175,"href":"https:\/\/hpcncc.vilniustech.lt\/index.php?rest_route=\/wp\/v2\/pages\/168\/revisions\/175"}],"wp:attachment":[{"href":"https:\/\/hpcncc.vilniustech.lt\/index.php?rest_route=%2Fwp%2Fv2%2Fmedia&parent=168"}],"curies":[{"name":"wp","href":"https:\/\/api.w.org\/{rel}","templated":true}]}}